{"id":28,"date":"2023-03-15T14:09:22","date_gmt":"2023-03-15T13:09:22","guid":{"rendered":"https:\/\/az-portfolio.ovh\/?page_id=28"},"modified":"2024-03-06T16:23:39","modified_gmt":"2024-03-06T15:23:39","slug":"portfolio","status":"publish","type":"page","link":"https:\/\/az-portfolio.ovh\/?page_id=28","title":{"rendered":"R\u00e9alisations"},"content":{"rendered":"\t\t<div data-elementor-type=\"wp-page\" data-elementor-id=\"28\" class=\"elementor elementor-28\">\n\t\t\t\t\t\t<section class=\"elementor-section elementor-top-section elementor-element elementor-element-3ed8c9e7 elementor-section-boxed elementor-section-height-default elementor-section-height-default\" data-id=\"3ed8c9e7\" data-element_type=\"section\">\n\t\t\t\t\t\t<div class=\"elementor-container elementor-column-gap-no\">\n\t\t\t\t\t<div class=\"elementor-column elementor-col-100 elementor-top-column elementor-element elementor-element-5734fdc1\" data-id=\"5734fdc1\" data-element_type=\"column\">\n\t\t\t<div class=\"elementor-widget-wrap elementor-element-populated\">\n\t\t\t\t\t\t<div class=\"elementor-element elementor-element-636306e elementor-widget elementor-widget-text-editor\" data-id=\"636306e\" data-element_type=\"widget\" data-widget_type=\"text-editor.default\">\n\t\t\t\t<div class=\"elementor-widget-container\">\n\t\t\t\t\t\t\t<p><a href=\"https:\/\/az-portfolio.ovh\/\">Accueil<\/a> -&gt; R\u00e9alisations\u00a0<\/p>\t\t\t\t\t\t<\/div>\n\t\t\t\t<\/div>\n\t\t\t\t<div class=\"elementor-element elementor-element-15be238 elementor-widget elementor-widget-heading\" data-id=\"15be238\" data-element_type=\"widget\" data-widget_type=\"heading.default\">\n\t\t\t\t<div class=\"elementor-widget-container\">\n\t\t\t<h1 class=\"elementor-heading-title elementor-size-default\">Mes r\u00e9alisations<\/h1>\t\t<\/div>\n\t\t\t\t<\/div>\n\t\t\t\t<div class=\"elementor-element elementor-element-1c27e6eb elementor-widget elementor-widget-heading\" data-id=\"1c27e6eb\" data-element_type=\"widget\" data-widget_type=\"heading.default\">\n\t\t\t\t<div class=\"elementor-widget-container\">\n\t\t\t<h5 class=\"elementor-heading-title elementor-size-default\">D\u00e9couvrez ci-dessous les projets qui illustrent mon d\u00e9veloppement et les comp\u00e9tences que j'ai acquises tout au long de mon parcours<\/h5>\t\t<\/div>\n\t\t\t\t<\/div>\n\t\t\t\t<section class=\"elementor-section elementor-inner-section elementor-element elementor-element-06f2e85 elementor-section-boxed elementor-section-height-default elementor-section-height-default\" data-id=\"06f2e85\" data-element_type=\"section\" data-settings=\"{&quot;background_background&quot;:&quot;classic&quot;}\">\n\t\t\t\t\t\t<div class=\"elementor-container elementor-column-gap-default\">\n\t\t\t\t\t<div class=\"elementor-column elementor-col-100 elementor-inner-column elementor-element elementor-element-c282b2d\" data-id=\"c282b2d\" data-element_type=\"column\">\n\t\t\t<div class=\"elementor-widget-wrap elementor-element-populated\">\n\t\t\t\t\t\t<div class=\"elementor-element elementor-element-ac4462d elementor-position-left elementor-vertical-align-top elementor-widget elementor-widget-image-box\" data-id=\"ac4462d\" data-element_type=\"widget\" data-widget_type=\"image-box.default\">\n\t\t\t\t<div class=\"elementor-widget-container\">\n\t\t\t<div class=\"elementor-image-box-wrapper\"><figure class=\"elementor-image-box-img\"><a href=\"https:\/\/az-portfolio.ovh\/?page_id=161\" tabindex=\"-1\"><img fetchpriority=\"high\" decoding=\"async\" width=\"2461\" height=\"1200\" src=\"https:\/\/az-portfolio.ovh\/wp-content\/uploads\/2023\/06\/test.png\" class=\"elementor-animation-grow attachment-full size-full wp-image-112\" alt=\"\" srcset=\"https:\/\/az-portfolio.ovh\/wp-content\/uploads\/2023\/06\/test.png 2461w, https:\/\/az-portfolio.ovh\/wp-content\/uploads\/2023\/06\/test-300x146.png 300w, https:\/\/az-portfolio.ovh\/wp-content\/uploads\/2023\/06\/test-1024x499.png 1024w, https:\/\/az-portfolio.ovh\/wp-content\/uploads\/2023\/06\/test-768x374.png 768w, https:\/\/az-portfolio.ovh\/wp-content\/uploads\/2023\/06\/test-1536x749.png 1536w, https:\/\/az-portfolio.ovh\/wp-content\/uploads\/2023\/06\/test-2048x999.png 2048w\" sizes=\"(max-width: 2461px) 100vw, 2461px\" \/><\/a><\/figure><div class=\"elementor-image-box-content\"><h3 class=\"elementor-image-box-title\"><a href=\"https:\/\/az-portfolio.ovh\/?page_id=161\">Invisart UI<\/a><\/h3><p class=\"elementor-image-box-description\">R\u00e9alisation d'une interface homme-machine \u00e0 destination de praticiens du domaine dentaire.<\/p><\/div><\/div>\t\t<\/div>\n\t\t\t\t<\/div>\n\t\t\t\t\t<\/div>\n\t\t<\/div>\n\t\t\t\t\t<\/div>\n\t\t<\/section>\n\t\t\t\t<section class=\"elementor-section elementor-inner-section elementor-element elementor-element-7127b89 elementor-section-boxed elementor-section-height-default elementor-section-height-default\" data-id=\"7127b89\" data-element_type=\"section\">\n\t\t\t\t\t\t<div class=\"elementor-container elementor-column-gap-default\">\n\t\t\t\t\t<div class=\"elementor-column elementor-col-100 elementor-inner-column elementor-element elementor-element-33e15dd\" data-id=\"33e15dd\" data-element_type=\"column\">\n\t\t\t<div class=\"elementor-widget-wrap elementor-element-populated\">\n\t\t\t\t\t\t<div class=\"elementor-element elementor-element-385c74f elementor-position-right elementor-vertical-align-top elementor-widget elementor-widget-image-box\" data-id=\"385c74f\" data-element_type=\"widget\" data-widget_type=\"image-box.default\">\n\t\t\t\t<div class=\"elementor-widget-container\">\n\t\t\t<div class=\"elementor-image-box-wrapper\"><figure class=\"elementor-image-box-img\"><a href=\"https:\/\/az-portfolio.ovh\/?page_id=167\" tabindex=\"-1\"><img decoding=\"async\" width=\"1430\" height=\"870\" src=\"https:\/\/az-portfolio.ovh\/wp-content\/uploads\/2023\/06\/LogoTutoBleu.png\" class=\"elementor-animation-grow attachment-full size-full wp-image-104\" alt=\"\" srcset=\"https:\/\/az-portfolio.ovh\/wp-content\/uploads\/2023\/06\/LogoTutoBleu.png 1430w, https:\/\/az-portfolio.ovh\/wp-content\/uploads\/2023\/06\/LogoTutoBleu-300x183.png 300w, https:\/\/az-portfolio.ovh\/wp-content\/uploads\/2023\/06\/LogoTutoBleu-1024x623.png 1024w, https:\/\/az-portfolio.ovh\/wp-content\/uploads\/2023\/06\/LogoTutoBleu-768x467.png 768w\" sizes=\"(max-width: 1430px) 100vw, 1430px\" \/><\/a><\/figure><div class=\"elementor-image-box-content\"><h3 class=\"elementor-image-box-title\"><a href=\"https:\/\/az-portfolio.ovh\/?page_id=167\">Stake Tutorials<\/a><\/h3><p class=\"elementor-image-box-description\">R\u00e9alisation d'un site de tutoriels pour le casino en ligne Stake.\n<\/p><\/div><\/div>\t\t<\/div>\n\t\t\t\t<\/div>\n\t\t\t\t\t<\/div>\n\t\t<\/div>\n\t\t\t\t\t<\/div>\n\t\t<\/section>\n\t\t\t\t<section class=\"elementor-section elementor-inner-section elementor-element elementor-element-cde88ce elementor-section-boxed elementor-section-height-default elementor-section-height-default\" data-id=\"cde88ce\" data-element_type=\"section\" data-settings=\"{&quot;background_background&quot;:&quot;classic&quot;}\">\n\t\t\t\t\t\t<div class=\"elementor-container elementor-column-gap-default\">\n\t\t\t\t\t<div class=\"elementor-column elementor-col-100 elementor-inner-column elementor-element elementor-element-12c07d1\" data-id=\"12c07d1\" data-element_type=\"column\">\n\t\t\t<div class=\"elementor-widget-wrap elementor-element-populated\">\n\t\t\t\t\t\t<div class=\"elementor-element elementor-element-d1f9ce1 elementor-position-left elementor-vertical-align-top elementor-widget elementor-widget-image-box\" data-id=\"d1f9ce1\" data-element_type=\"widget\" data-widget_type=\"image-box.default\">\n\t\t\t\t<div class=\"elementor-widget-container\">\n\t\t\t<div class=\"elementor-image-box-wrapper\"><figure class=\"elementor-image-box-img\"><a href=\"https:\/\/az-portfolio.ovh\/?page_id=159\" tabindex=\"-1\"><img decoding=\"async\" width=\"2461\" height=\"1200\" src=\"https:\/\/az-portfolio.ovh\/wp-content\/uploads\/2023\/06\/test2.png\" class=\"elementor-animation-grow attachment-full size-full wp-image-113\" alt=\"\" srcset=\"https:\/\/az-portfolio.ovh\/wp-content\/uploads\/2023\/06\/test2.png 2461w, https:\/\/az-portfolio.ovh\/wp-content\/uploads\/2023\/06\/test2-300x146.png 300w, https:\/\/az-portfolio.ovh\/wp-content\/uploads\/2023\/06\/test2-1024x499.png 1024w, https:\/\/az-portfolio.ovh\/wp-content\/uploads\/2023\/06\/test2-768x374.png 768w, https:\/\/az-portfolio.ovh\/wp-content\/uploads\/2023\/06\/test2-1536x749.png 1536w, https:\/\/az-portfolio.ovh\/wp-content\/uploads\/2023\/06\/test2-2048x999.png 2048w\" sizes=\"(max-width: 2461px) 100vw, 2461px\" \/><\/a><\/figure><div class=\"elementor-image-box-content\"><h3 class=\"elementor-image-box-title\"><a href=\"https:\/\/az-portfolio.ovh\/?page_id=159\">Metrics Web<\/a><\/h3><p class=\"elementor-image-box-description\">R\u00e9alisation d'une interface homme-machine d'analyse et traitement de donn\u00e9es statistiques ainsi que de manipulation 3D \u00e0 destination des d\u00e9veloppeurs de l'entreprise Invisart.<\/p><\/div><\/div>\t\t<\/div>\n\t\t\t\t<\/div>\n\t\t\t\t\t<\/div>\n\t\t<\/div>\n\t\t\t\t\t<\/div>\n\t\t<\/section>\n\t\t\t\t<section class=\"elementor-section elementor-inner-section elementor-element elementor-element-3d2ba93 elementor-section-boxed elementor-section-height-default elementor-section-height-default\" data-id=\"3d2ba93\" data-element_type=\"section\">\n\t\t\t\t\t\t<div class=\"elementor-container elementor-column-gap-default\">\n\t\t\t\t\t<div class=\"elementor-column elementor-col-100 elementor-inner-column elementor-element elementor-element-0db1d85\" data-id=\"0db1d85\" data-element_type=\"column\">\n\t\t\t<div class=\"elementor-widget-wrap elementor-element-populated\">\n\t\t\t\t\t\t<div class=\"elementor-element elementor-element-5e0bdcd elementor-position-right elementor-vertical-align-top elementor-widget elementor-widget-image-box\" data-id=\"5e0bdcd\" data-element_type=\"widget\" data-widget_type=\"image-box.default\">\n\t\t\t\t<div class=\"elementor-widget-container\">\n\t\t\t<div class=\"elementor-image-box-wrapper\"><figure class=\"elementor-image-box-img\"><a href=\"https:\/\/az-portfolio.ovh\/?page_id=165\" tabindex=\"-1\"><img loading=\"lazy\" decoding=\"async\" width=\"2000\" height=\"1400\" src=\"https:\/\/az-portfolio.ovh\/wp-content\/uploads\/2023\/06\/logotxtbluewww.png\" class=\"elementor-animation-grow attachment-full size-full wp-image-103\" alt=\"\" srcset=\"https:\/\/az-portfolio.ovh\/wp-content\/uploads\/2023\/06\/logotxtbluewww.png 2000w, https:\/\/az-portfolio.ovh\/wp-content\/uploads\/2023\/06\/logotxtbluewww-300x210.png 300w, https:\/\/az-portfolio.ovh\/wp-content\/uploads\/2023\/06\/logotxtbluewww-1024x717.png 1024w, https:\/\/az-portfolio.ovh\/wp-content\/uploads\/2023\/06\/logotxtbluewww-768x538.png 768w, https:\/\/az-portfolio.ovh\/wp-content\/uploads\/2023\/06\/logotxtbluewww-1536x1075.png 1536w\" sizes=\"(max-width: 2000px) 100vw, 2000px\" \/><\/a><\/figure><div class=\"elementor-image-box-content\"><h3 class=\"elementor-image-box-title\"><a href=\"https:\/\/az-portfolio.ovh\/?page_id=165\">Esprit Boh\u00e8me<\/a><\/h3><p class=\"elementor-image-box-description\">R\u00e9alisation d'une boutique en ligne de maroquinerie et bijoux.<\/p><\/div><\/div>\t\t<\/div>\n\t\t\t\t<\/div>\n\t\t\t\t\t<\/div>\n\t\t<\/div>\n\t\t\t\t\t<\/div>\n\t\t<\/section>\n\t\t\t\t<section class=\"elementor-section elementor-inner-section elementor-element elementor-element-183a1c3 elementor-section-boxed elementor-section-height-default elementor-section-height-default\" data-id=\"183a1c3\" data-element_type=\"section\" data-settings=\"{&quot;background_background&quot;:&quot;classic&quot;}\">\n\t\t\t\t\t\t<div class=\"elementor-container elementor-column-gap-default\">\n\t\t\t\t\t<div class=\"elementor-column elementor-col-100 elementor-inner-column elementor-element elementor-element-0f73468\" data-id=\"0f73468\" data-element_type=\"column\">\n\t\t\t<div class=\"elementor-widget-wrap elementor-element-populated\">\n\t\t\t\t\t\t<div class=\"elementor-element elementor-element-a7c8d16 elementor-position-left elementor-vertical-align-top elementor-widget elementor-widget-image-box\" data-id=\"a7c8d16\" data-element_type=\"widget\" data-widget_type=\"image-box.default\">\n\t\t\t\t<div class=\"elementor-widget-container\">\n\t\t\t<div class=\"elementor-image-box-wrapper\"><figure class=\"elementor-image-box-img\"><a href=\"https:\/\/az-portfolio.ovh\/?page_id=163\" tabindex=\"-1\"><img loading=\"lazy\" decoding=\"async\" width=\"537\" height=\"257\" src=\"https:\/\/az-portfolio.ovh\/wp-content\/uploads\/2023\/06\/Logo_Original_StartAEN.png\" class=\"elementor-animation-grow attachment-full size-full wp-image-102\" alt=\"\" srcset=\"https:\/\/az-portfolio.ovh\/wp-content\/uploads\/2023\/06\/Logo_Original_StartAEN.png 537w, https:\/\/az-portfolio.ovh\/wp-content\/uploads\/2023\/06\/Logo_Original_StartAEN-300x144.png 300w\" sizes=\"(max-width: 537px) 100vw, 537px\" \/><\/a><\/figure><div class=\"elementor-image-box-content\"><h3 class=\"elementor-image-box-title\"><a href=\"https:\/\/az-portfolio.ovh\/?page_id=163\">Start AEN<\/a><\/h3><p class=\"elementor-image-box-description\">Mise en place d'un plan de communication pour une junior entreprise.<\/p><\/div><\/div>\t\t<\/div>\n\t\t\t\t<\/div>\n\t\t\t\t\t<\/div>\n\t\t<\/div>\n\t\t\t\t\t<\/div>\n\t\t<\/section>\n\t\t\t\t\t<\/div>\n\t\t<\/div>\n\t\t\t\t\t<\/div>\n\t\t<\/section>\n\t\t\t\t<\/div>\n\t\t","protected":false},"excerpt":{"rendered":"<p>Accueil -&gt; R\u00e9alisations\u00a0 Mes r\u00e9alisations D\u00e9couvrez ci-dessous les projets qui illustrent mon d\u00e9veloppement et les comp\u00e9tences que j&rsquo;ai acquises tout au long de mon parcours Invisart UI R\u00e9alisation d&rsquo;une interface homme-machine \u00e0 destination de praticiens du domaine dentaire. Stake Tutorials R\u00e9alisation d&rsquo;un site de tutoriels pour le casino en ligne Stake. Metrics Web R\u00e9alisation d&rsquo;une [&hellip;]<\/p>\n","protected":false},"author":1,"featured_media":0,"parent":0,"menu_order":0,"comment_status":"closed","ping_status":"closed","template":"elementor_header_footer","meta":{"footnotes":""},"class_list":["post-28","page","type-page","status-publish","hentry"],"yoast_head":"<!-- This site is optimized with the Yoast SEO plugin v21.7 - https:\/\/yoast.com\/wordpress\/plugins\/seo\/ -->\n<title>R\u00e9alisations - Alexandre Zamo<\/title>\n<meta name=\"robots\" content=\"noindex, follow, max-snippet:-1, max-image-preview:large, max-video-preview:-1\" \/>\n<meta property=\"og:locale\" content=\"fr_FR\" \/>\n<meta property=\"og:type\" content=\"article\" \/>\n<meta property=\"og:title\" content=\"R\u00e9alisations - Alexandre Zamo\" \/>\n<meta property=\"og:description\" content=\"Accueil -&gt; R\u00e9alisations\u00a0 Mes r\u00e9alisations D\u00e9couvrez ci-dessous les projets qui illustrent mon d\u00e9veloppement et les comp\u00e9tences que j&rsquo;ai acquises tout au long de mon parcours Invisart UI R\u00e9alisation d&rsquo;une interface homme-machine \u00e0 destination de praticiens du domaine dentaire. Stake Tutorials R\u00e9alisation d&rsquo;un site de tutoriels pour le casino en ligne Stake. Metrics Web R\u00e9alisation d&rsquo;une [&hellip;]\" \/>\n<meta property=\"og:url\" content=\"https:\/\/az-portfolio.ovh\/?page_id=28\" \/>\n<meta property=\"og:site_name\" content=\"Alexandre Zamo\" \/>\n<meta property=\"article:modified_time\" content=\"2024-03-06T15:23:39+00:00\" \/>\n<meta property=\"og:image\" content=\"https:\/\/az-portfolio.ovh\/wp-content\/uploads\/2023\/06\/test.png\" \/>\n<meta name=\"twitter:card\" content=\"summary_large_image\" \/>\n<meta name=\"twitter:label1\" content=\"Dur\u00e9e de lecture estim\u00e9e\" \/>\n\t<meta name=\"twitter:data1\" content=\"2 minutes\" \/>\n<script type=\"application\/ld+json\" class=\"yoast-schema-graph\">{\"@context\":\"https:\/\/schema.org\",\"@graph\":[{\"@type\":\"WebPage\",\"@id\":\"https:\/\/az-portfolio.ovh\/?page_id=28\",\"url\":\"https:\/\/az-portfolio.ovh\/?page_id=28\",\"name\":\"R\u00e9alisations - Alexandre Zamo\",\"isPartOf\":{\"@id\":\"https:\/\/az-portfolio.ovh\/#website\"},\"datePublished\":\"2023-03-15T13:09:22+00:00\",\"dateModified\":\"2024-03-06T15:23:39+00:00\",\"breadcrumb\":{\"@id\":\"https:\/\/az-portfolio.ovh\/?page_id=28#breadcrumb\"},\"inLanguage\":\"fr-FR\",\"potentialAction\":[{\"@type\":\"ReadAction\",\"target\":[\"https:\/\/az-portfolio.ovh\/?page_id=28\"]}]},{\"@type\":\"BreadcrumbList\",\"@id\":\"https:\/\/az-portfolio.ovh\/?page_id=28#breadcrumb\",\"itemListElement\":[{\"@type\":\"ListItem\",\"position\":1,\"name\":\"Accueil\",\"item\":\"https:\/\/az-portfolio.ovh\/\"},{\"@type\":\"ListItem\",\"position\":2,\"name\":\"R\u00e9alisations\"}]},{\"@type\":\"WebSite\",\"@id\":\"https:\/\/az-portfolio.ovh\/#website\",\"url\":\"https:\/\/az-portfolio.ovh\/\",\"name\":\"Alexandre Zamo\",\"description\":\"\",\"potentialAction\":[{\"@type\":\"SearchAction\",\"target\":{\"@type\":\"EntryPoint\",\"urlTemplate\":\"https:\/\/az-portfolio.ovh\/?s={search_term_string}\"},\"query-input\":\"required name=search_term_string\"}],\"inLanguage\":\"fr-FR\"}]}<\/script>\n<!-- \/ Yoast SEO plugin. -->","yoast_head_json":{"title":"R\u00e9alisations - Alexandre Zamo","robots":{"index":"noindex","follow":"follow","max-snippet":"max-snippet:-1","max-image-preview":"max-image-preview:large","max-video-preview":"max-video-preview:-1"},"og_locale":"fr_FR","og_type":"article","og_title":"R\u00e9alisations - Alexandre Zamo","og_description":"Accueil -&gt; R\u00e9alisations\u00a0 Mes r\u00e9alisations D\u00e9couvrez ci-dessous les projets qui illustrent mon d\u00e9veloppement et les comp\u00e9tences que j&rsquo;ai acquises tout au long de mon parcours Invisart UI R\u00e9alisation d&rsquo;une interface homme-machine \u00e0 destination de praticiens du domaine dentaire. Stake Tutorials R\u00e9alisation d&rsquo;un site de tutoriels pour le casino en ligne Stake. Metrics Web R\u00e9alisation d&rsquo;une [&hellip;]","og_url":"https:\/\/az-portfolio.ovh\/?page_id=28","og_site_name":"Alexandre Zamo","article_modified_time":"2024-03-06T15:23:39+00:00","og_image":[{"url":"https:\/\/az-portfolio.ovh\/wp-content\/uploads\/2023\/06\/test.png"}],"twitter_card":"summary_large_image","twitter_misc":{"Dur\u00e9e de lecture estim\u00e9e":"2 minutes"},"schema":{"@context":"https:\/\/schema.org","@graph":[{"@type":"WebPage","@id":"https:\/\/az-portfolio.ovh\/?page_id=28","url":"https:\/\/az-portfolio.ovh\/?page_id=28","name":"R\u00e9alisations - Alexandre Zamo","isPartOf":{"@id":"https:\/\/az-portfolio.ovh\/#website"},"datePublished":"2023-03-15T13:09:22+00:00","dateModified":"2024-03-06T15:23:39+00:00","breadcrumb":{"@id":"https:\/\/az-portfolio.ovh\/?page_id=28#breadcrumb"},"inLanguage":"fr-FR","potentialAction":[{"@type":"ReadAction","target":["https:\/\/az-portfolio.ovh\/?page_id=28"]}]},{"@type":"BreadcrumbList","@id":"https:\/\/az-portfolio.ovh\/?page_id=28#breadcrumb","itemListElement":[{"@type":"ListItem","position":1,"name":"Accueil","item":"https:\/\/az-portfolio.ovh\/"},{"@type":"ListItem","position":2,"name":"R\u00e9alisations"}]},{"@type":"WebSite","@id":"https:\/\/az-portfolio.ovh\/#website","url":"https:\/\/az-portfolio.ovh\/","name":"Alexandre Zamo","description":"","potentialAction":[{"@type":"SearchAction","target":{"@type":"EntryPoint","urlTemplate":"https:\/\/az-portfolio.ovh\/?s={search_term_string}"},"query-input":"required name=search_term_string"}],"inLanguage":"fr-FR"}]}},"_links":{"self":[{"href":"https:\/\/az-portfolio.ovh\/index.php?rest_route=\/wp\/v2\/pages\/28","targetHints":{"allow":["GET"]}}],"collection":[{"href":"https:\/\/az-portfolio.ovh\/index.php?rest_route=\/wp\/v2\/pages"}],"about":[{"href":"https:\/\/az-portfolio.ovh\/index.php?rest_route=\/wp\/v2\/types\/page"}],"author":[{"embeddable":true,"href":"https:\/\/az-portfolio.ovh\/index.php?rest_route=\/wp\/v2\/users\/1"}],"replies":[{"embeddable":true,"href":"https:\/\/az-portfolio.ovh\/index.php?rest_route=%2Fwp%2Fv2%2Fcomments&post=28"}],"version-history":[{"count":141,"href":"https:\/\/az-portfolio.ovh\/index.php?rest_route=\/wp\/v2\/pages\/28\/revisions"}],"predecessor-version":[{"id":1514,"href":"https:\/\/az-portfolio.ovh\/index.php?rest_route=\/wp\/v2\/pages\/28\/revisions\/1514"}],"wp:attachment":[{"href":"https:\/\/az-portfolio.ovh\/index.php?rest_route=%2Fwp%2Fv2%2Fmedia&parent=28"}],"curies":[{"name":"wp","href":"https:\/\/api.w.org\/{rel}","templated":true}]}}